{"id":21,"date":"2019-07-30T11:48:51","date_gmt":"2019-07-30T09:48:51","guid":{"rendered":"http:\/\/benedicttj.cluster026.hosting.ovh.net\/?page_id=21"},"modified":"2025-07-19T15:49:28","modified_gmt":"2025-07-19T13:49:28","slug":"les-propositions-du-prieure","status":"publish","type":"page","link":"http:\/\/www.benedictinsetiolles.org\/index.php\/les-propositions-du-prieure\/","title":{"rendered":"Les Propositions du Prieur\u00e9."},"content":{"rendered":"\n<p><em><strong>\u00ab&nbsp;\u00c0 mesure qu\u2019on progresse, dans la vie et dans la foi, le c\u0153ur se dilate&nbsp;\u00bb<\/strong><\/em> (Prologue de la r\u00e8gle de St Beno\u00eet.)<\/p>\n\n\n\n<p>Chaque ann\u00e9e, le Prieur\u00e9 \u00e9labore des \u00ab\u00a0Propositions\u00a0\u00bb ouvertes \u00e0 toute personne int\u00e9ress\u00e9e pour partager et approfondir les questions de fond, humaines et spirituelles, qu&rsquo;elle se pose.<\/p>\n\n\n\n<p> Reflet de la sp\u00e9cificit\u00e9 de la communaut\u00e9 de \u00ab\u00a0moines pour la ville\u00a0\u00bb, les proposition sont con\u00e7ues dans un esprit d&rsquo;ouverture et \u00e9labor\u00e9es par \u00ab\u00a0une \u00e9quipe\u00a0\u00bb en collaboration entre moines et la\u00efcs. Les angles d&rsquo;approche sont vari\u00e9s, afin de rejoindre chacun dans sa qu\u00eate humaine et spirituelle, selon les \u00ab\u00a0chemins\u00a0\u00bb qui lui conviennent. <\/p>\n\n\n\n<p>Chercher du sens \u00e0 ce qu\u2019on vit, \u00e0 ce qu\u2019on devient, chercher Dieu seul ou avec d\u2019autres, c\u2019est d\u00e9couvrir la vie.<\/p>\n\n\n\n<h5 class=\"wp-block-heading has-medium-font-size\"><strong>Une \u00e9quipe&nbsp;:<\/strong><\/h5>\n\n\n\n<p>Des animateurs, fr\u00e8res et la\u00efcs, \u00e9laborent chaque ann\u00e9e des \u00ab&nbsp;propositions&nbsp;\u00bb dans l\u2019esprit des fondamentaux du Prieur\u00e9 et en fonction des questions d\u2019actualit\u00e9, puis les animent \u00e0 partir de petits groupes o\u00f9 la parole partag\u00e9e et personnelle en est l\u2019\u00e9l\u00e9ment cl\u00e9.<\/p>\n\n\n\n<p><strong>Liste des propositions  2025-2026   <a href=\"http:\/\/www.benedictinsetiolles.org\/index.php\/2025\/07\/19\/les-propositions-2025-2026\/\">cliquer ici<\/a><\/strong><\/p>\n\n\n\n<p><a href=\"http:\/\/www.benedictinsetiolles.org\/index.php\/page-d-accueil\/contacts\/#propo\">Pour s&rsquo;informer sur les propositions du Prieur\u00e9 uniquement.<\/a><\/p>\n","protected":false},"excerpt":{"rendered":"<p>\u00ab&nbsp;\u00c0 mesure qu\u2019on progresse, dans la vie et dans la foi, le c\u0153ur se dilate&nbsp;\u00bb (Prologue de la r\u00e8gle de St Beno\u00eet.) Chaque ann\u00e9e, le Prieur\u00e9 \u00e9labore des \u00ab\u00a0Propositions\u00a0\u00bb ouvertes \u00e0 toute personne int\u00e9ress\u00e9e pour partager et approfondir les questions de fond, humaines et spirituelles, qu&rsquo;elle se pose. Reflet de [&hellip;]<\/p>\n","protected":false},"author":1,"featured_media":0,"parent":0,"menu_order":0,"comment_status":"closed","ping_status":"closed","template":"","meta":{"footnotes":""},"class_list":["post-21","page","type-page","status-publish","hentry"],"_links":{"self":[{"href":"http:\/\/www.benedictinsetiolles.org\/index.php\/wp-json\/wp\/v2\/pages\/21","targetHints":{"allow":["GET"]}}],"collection":[{"href":"http:\/\/www.benedictinsetiolles.org\/index.php\/wp-json\/wp\/v2\/pages"}],"about":[{"href":"http:\/\/www.benedictinsetiolles.org\/index.php\/wp-json\/wp\/v2\/types\/page"}],"author":[{"embeddable":true,"href":"http:\/\/www.benedictinsetiolles.org\/index.php\/wp-json\/wp\/v2\/users\/1"}],"replies":[{"embeddable":true,"href":"http:\/\/www.benedictinsetiolles.org\/index.php\/wp-json\/wp\/v2\/comments?post=21"}],"version-history":[{"count":42,"href":"http:\/\/www.benedictinsetiolles.org\/index.php\/wp-json\/wp\/v2\/pages\/21\/revisions"}],"predecessor-version":[{"id":7434,"href":"http:\/\/www.benedictinsetiolles.org\/index.php\/wp-json\/wp\/v2\/pages\/21\/revisions\/7434"}],"wp:attachment":[{"href":"http:\/\/www.benedictinsetiolles.org\/index.php\/wp-json\/wp\/v2\/media?parent=21"}],"curies":[{"name":"wp","href":"https:\/\/api.w.org\/{rel}","templated":true}]}}