{"id":3663,"date":"2021-07-28T18:06:54","date_gmt":"2021-07-28T16:06:54","guid":{"rendered":"http:\/\/www.benedictinsetiolles.org\/?page_id=3663"},"modified":"2024-10-27T09:15:20","modified_gmt":"2024-10-27T08:15:20","slug":"maison-devangile","status":"publish","type":"page","link":"http:\/\/www.benedictinsetiolles.org\/index.php\/maison-devangile\/","title":{"rendered":"Une \u00ab\u00a0Maison d&rsquo;\u00c9vangile\u00a0\u00bb"},"content":{"rendered":"\n<figure class=\"wp-block-image size-large is-resized\"><img loading=\"lazy\" decoding=\"async\" width=\"521\" height=\"349\" src=\"http:\/\/www.benedictinsetiolles.org\/wp-content\/uploads\/2021\/07\/me1.jpg\" alt=\"\" class=\"wp-image-3667\" style=\"width:671px;height:451px\" srcset=\"http:\/\/www.benedictinsetiolles.org\/wp-content\/uploads\/2021\/07\/me1.jpg 521w, http:\/\/www.benedictinsetiolles.org\/wp-content\/uploads\/2021\/07\/me1-300x201.jpg 300w, http:\/\/www.benedictinsetiolles.org\/wp-content\/uploads\/2021\/07\/me1-360x240.jpg 360w\" sizes=\"auto, (max-width: 521px) 100vw, 521px\" \/><\/figure>\n\n\n\n<p><em><strong><span style=\"color:#0478a9\" class=\"has-inline-color\">\u00a0\u00bb Quand deux ou trois son<\/span><\/strong><\/em><span style=\"color:#027aae\" class=\"has-inline-color\"><strong><em>t r\u00e9unis en mon nom, Je suis l\u00e0, au milieu d\u2019eux <\/em><\/strong>\u00bb<\/span> Mt 18, 20.\u00a0\u00bb<\/p>\n\n\n\n<div class=\"wp-block-file\"><a id=\"wp-block-file--media-388b0f64-37bd-46a6-8431-065a10aaf5a3\" href=\"http:\/\/www.benedictinsetiolles.org\/wp-content\/uploads\/2024\/06\/Maison-dEvangile.pdf\">Maison-dEvangile<\/a><a href=\"http:\/\/www.benedictinsetiolles.org\/wp-content\/uploads\/2024\/06\/Maison-dEvangile.pdf\" class=\"wp-block-file__button wp-element-button\" download aria-describedby=\"wp-block-file--media-388b0f64-37bd-46a6-8431-065a10aaf5a3\">T\u00e9l\u00e9charger argumentaire <\/a><\/div>\n\n\n\n<h2 class=\"wp-block-heading\">L&rsquo;\u00c9vangile \u00ab\u00a0hors les murs\u00a0\u00bb <\/h2>\n\n\n\n<p><\/p>\n\n\n\n<p>\u00ab\u00a0<em>La Parole de Dieu est notre tr\u00e9sor et nous ne pouvons pas la garder pour nous. Nous avons \u00e0 la partager avec tous ceux qu\u2019on aime, tous ceux que nous c\u00f4toyons&nbsp;et \u00e0 qui nous n\u2019avons parfois jamais os\u00e9 dire notre foi, jamais os\u00e9 t\u00e9moigner de ce que la vie avec le Christ nous offre.<\/em>\u00a0\u00bb (dioc\u00e8se de Cr\u00e9teil)<\/p>\n\n\n\n<p class=\"has-text-align-right has-header-gradient-color has-text-color has-medium-font-size\"><strong>Tous les  2\u00e8mes lundis  de 15h \u00e0 16h au Prieur\u00e9<\/strong>, <\/p>\n\n\n\n<p class=\"has-text-align-right has-header-gradient-color has-text-color has-link-color wp-elements-93947e239aaff2a5dc28952799a8d901\"><strong>Reprise le lundi 14 octobre 2024<br><br>14 octobre, 11 novembre, 9 d\u00e9cembre 2024,<br>13 janvier, 10 f\u00e9vrier, 10 mars, 7 avril, 12 mai et 9 juin 2025<br><\/strong><\/p>\n\n\n\n<p class=\"has-text-align-right has-header-gradient-color has-text-color has-link-color wp-elements-91b1e118e1ceeeb41ee35c70004d7120\"><strong>Avec Fr. <a href=\"mailto:lucfoucher@cegetel.net\">Luc FOUCHER<\/a><\/strong><\/p>\n\n\n\n<p class=\"has-text-align-right has-header-gradient-color has-text-color has-link-color wp-elements-aae92f07f104594f10b9bb599d834501\"><strong> <br>Contact : <a href=\"mailto:ffl1955@gmail.com\">Fran\u00e7oise LARDY <\/a><\/strong><\/p>\n\n\n\n<div class=\"wp-block-themeisle-blocks-advanced-columns has-3-columns has-desktop-oneOneTwo-layout has-tablet-equal-layout has-mobile-collapsedRows-layout has-default-gap has-vertical-unset\" id=\"wp-block-themeisle-blocks-advanced-columns-030b0bc9\"><div class=\"wp-block-themeisle-blocks-advanced-columns-overlay\"><\/div><div class=\"innerblocks-wrap\">\n\n<div class=\"wp-block-themeisle-blocks-advanced-column\" id=\"wp-block-themeisle-blocks-advanced-column-5cbcbf1d\"><\/div>\n\n\n<div class=\"wp-block-themeisle-blocks-advanced-column\" id=\"wp-block-themeisle-blocks-advanced-column-be1a8270\"><\/div>\n\n\n<div class=\"wp-block-themeisle-blocks-advanced-column\" id=\"wp-block-themeisle-blocks-advanced-column-4db5b0a8\"><\/div>\n\n<\/div><\/div>\n","protected":false},"excerpt":{"rendered":"<p>\u00a0\u00bb Quand deux ou trois sont r\u00e9unis en mon nom, Je suis l\u00e0, au milieu d\u2019eux \u00bb Mt 18, 20.\u00a0\u00bb L&rsquo;\u00c9vangile \u00ab\u00a0hors les murs\u00a0\u00bb \u00ab\u00a0La Parole de Dieu est notre tr\u00e9sor et nous ne pouvons pas la garder pour nous. Nous avons \u00e0 la partager avec tous ceux qu\u2019on aime, [&hellip;]<\/p>\n","protected":false},"author":1,"featured_media":0,"parent":0,"menu_order":0,"comment_status":"closed","ping_status":"closed","template":"","meta":{"footnotes":""},"class_list":["post-3663","page","type-page","status-publish","hentry"],"_links":{"self":[{"href":"http:\/\/www.benedictinsetiolles.org\/index.php\/wp-json\/wp\/v2\/pages\/3663","targetHints":{"allow":["GET"]}}],"collection":[{"href":"http:\/\/www.benedictinsetiolles.org\/index.php\/wp-json\/wp\/v2\/pages"}],"about":[{"href":"http:\/\/www.benedictinsetiolles.org\/index.php\/wp-json\/wp\/v2\/types\/page"}],"author":[{"embeddable":true,"href":"http:\/\/www.benedictinsetiolles.org\/index.php\/wp-json\/wp\/v2\/users\/1"}],"replies":[{"embeddable":true,"href":"http:\/\/www.benedictinsetiolles.org\/index.php\/wp-json\/wp\/v2\/comments?post=3663"}],"version-history":[{"count":21,"href":"http:\/\/www.benedictinsetiolles.org\/index.php\/wp-json\/wp\/v2\/pages\/3663\/revisions"}],"predecessor-version":[{"id":7161,"href":"http:\/\/www.benedictinsetiolles.org\/index.php\/wp-json\/wp\/v2\/pages\/3663\/revisions\/7161"}],"wp:attachment":[{"href":"http:\/\/www.benedictinsetiolles.org\/index.php\/wp-json\/wp\/v2\/media?parent=3663"}],"curies":[{"name":"wp","href":"https:\/\/api.w.org\/{rel}","templated":true}]}}

Une « Maison d&rsquo;Évangile »

<figure class="wp-block-image size-large is-resized"><img loading="lazy" decoding="async" width="521" height="349" src="http://www.benedictinsetiolles.org/wp-content/uploads/2021/07/me1.jpg" alt="" class="wp-image-3667" style="width:671px;height:451px" srcset="http://www.benedictinsetiolles.org/wp-content/uploads/2021/07/me1.jpg 521w, http://www.benedictinsetiolles.org/wp-content/uploads/2021/07/me1-300x201.jpg 300w, http://www.benedictinsetiolles.org/wp-content/uploads/2021/07/me1-360x240.jpg 360w" sizes="auto, (max-width: 521px) 100vw, 521px" /></figure>



<p><em><strong><span style="color:#0478a9" class="has-inline-color"> » Quand deux ou trois son</span></strong></em><span style="color:#027aae" class="has-inline-color"><strong><em>t réunis en mon nom, Je suis là, au milieu d’eux </em></strong>»</span> Mt 18, 20. »</p>



<div class="wp-block-file"><a id="wp-block-file--media-388b0f64-37bd-46a6-8431-065a10aaf5a3" href="http://www.benedictinsetiolles.org/wp-content/uploads/2024/06/Maison-dEvangile.pdf">Maison-dEvangile</a><a href="http://www.benedictinsetiolles.org/wp-content/uploads/2024/06/Maison-dEvangile.pdf" class="wp-block-file__button wp-element-button" download aria-describedby="wp-block-file--media-388b0f64-37bd-46a6-8431-065a10aaf5a3">Télécharger argumentaire </a></div>



<h2 class="wp-block-heading">L&rsquo;Évangile « hors les murs » </h2>



<p></p>



<p>« <em>La Parole de Dieu est notre trésor et nous ne pouvons pas la garder pour nous. Nous avons à la partager avec tous ceux qu’on aime, tous ceux que nous côtoyons&nbsp;et à qui nous n’avons parfois jamais osé dire notre foi, jamais osé témoigner de ce que la vie avec le Christ nous offre.</em> » (diocèse de Créteil)</p>



<p class="has-text-align-right has-header-gradient-color has-text-color has-medium-font-size"><strong>Tous les  2èmes lundis  de 15h à 16h au Prieuré</strong>, </p>



<p class="has-text-align-right has-header-gradient-color has-text-color has-link-color wp-elements-93947e239aaff2a5dc28952799a8d901"><strong>Reprise le lundi 14 octobre 2024<br><br>14 octobre, 11 novembre, 9 décembre 2024,<br>13 janvier, 10 février, 10 mars, 7 avril, 12 mai et 9 juin 2025<br></strong></p>



<p class="has-text-align-right has-header-gradient-color has-text-color has-link-color wp-elements-91b1e118e1ceeeb41ee35c70004d7120"><strong>Avec Fr. <a href="mailto:lucfoucher@cegetel.net">Luc FOUCHER</a></strong></p>



<p class="has-text-align-right has-header-gradient-color has-text-color has-link-color wp-elements-aae92f07f104594f10b9bb599d834501"><strong> <br>Contact : <a href="mailto:ffl1955@gmail.com">Françoise LARDY </a></strong></p>



<div class="wp-block-themeisle-blocks-advanced-columns has-3-columns has-desktop-oneOneTwo-layout has-tablet-equal-layout has-mobile-collapsedRows-layout has-default-gap has-vertical-unset" id="wp-block-themeisle-blocks-advanced-columns-030b0bc9"><div class="wp-block-themeisle-blocks-advanced-columns-overlay"></div><div class="innerblocks-wrap">

<div class="wp-block-themeisle-blocks-advanced-column" id="wp-block-themeisle-blocks-advanced-column-5cbcbf1d"></div>


<div class="wp-block-themeisle-blocks-advanced-column" id="wp-block-themeisle-blocks-advanced-column-be1a8270"></div>


<div class="wp-block-themeisle-blocks-advanced-column" id="wp-block-themeisle-blocks-advanced-column-4db5b0a8"></div>

</div></div>

<p> » Quand deux ou trois sont réunis en mon nom, Je suis là, au milieu d’eux » Mt 18, 20. » L&rsquo;Évangile « hors les murs » « La Parole de Dieu est notre trésor et nous ne pouvons pas la garder pour nous. Nous avons à la partager avec tous ceux qu’on aime, [&hellip;]</p>
