{"id":3995,"date":"2021-07-29T09:40:36","date_gmt":"2021-07-29T07:40:36","guid":{"rendered":"http:\/\/www.benedictinsetiolles.org\/?page_id=3995"},"modified":"2025-02-26T10:44:04","modified_gmt":"2025-02-26T09:44:04","slug":"le-chant-liturgique","status":"publish","type":"page","link":"http:\/\/www.benedictinsetiolles.org\/index.php\/le-chant-liturgique\/","title":{"rendered":"Le chant liturgique"},"content":{"rendered":"\n<figure class=\"wp-block-image size-large is-resized is-style-rounded\"><img loading=\"lazy\" decoding=\"async\" width=\"1024\" height=\"772\" src=\"http:\/\/www.benedictinsetiolles.org\/wp-content\/uploads\/2021\/07\/chant-2-1024x772.jpg\" alt=\"\" class=\"wp-image-3996\" style=\"width:525px;height:396px\" srcset=\"http:\/\/www.benedictinsetiolles.org\/wp-content\/uploads\/2021\/07\/chant-2-1024x772.jpg 1024w, http:\/\/www.benedictinsetiolles.org\/wp-content\/uploads\/2021\/07\/chant-2-300x226.jpg 300w, http:\/\/www.benedictinsetiolles.org\/wp-content\/uploads\/2021\/07\/chant-2-768x579.jpg 768w, http:\/\/www.benedictinsetiolles.org\/wp-content\/uploads\/2021\/07\/chant-2-1536x1158.jpg 1536w, http:\/\/www.benedictinsetiolles.org\/wp-content\/uploads\/2021\/07\/chant-2-2048x1545.jpg 2048w\" sizes=\"auto, (max-width: 1024px) 100vw, 1024px\" \/><\/figure>\n\n\n\n<p>La louange \u00e0 Dieu est d&rsquo;abord un acte du corps et aussi du c\u0153ur.<\/p>\n\n\n\n<p>On chante Dieu avec tout son \u00eatre et en \u00c9glise avec des fr\u00e8res et s\u0153urs. <\/p>\n\n\n\n<p>C&rsquo;est le sens de cet appel \u00e0 l&rsquo;unit\u00e9 dans le corps du Christ.<\/p>\n\n\n\n<p><\/p>\n\n\n\n<figure class=\"wp-block-image size-full is-resized\"><img loading=\"lazy\" decoding=\"async\" width=\"225\" height=\"225\" src=\"http:\/\/www.benedictinsetiolles.org\/wp-content\/uploads\/2021\/07\/chanter.jpg\" alt=\"\" class=\"wp-image-4020\" style=\"width:441px;height:441px\" srcset=\"http:\/\/www.benedictinsetiolles.org\/wp-content\/uploads\/2021\/07\/chanter.jpg 225w, http:\/\/www.benedictinsetiolles.org\/wp-content\/uploads\/2021\/07\/chanter-150x150.jpg 150w\" sizes=\"auto, (max-width: 225px) 100vw, 225px\" \/><\/figure>\n\n\n\n<p><\/p>\n\n\n\n<p>Fr\u00e8re Xuan nous propose :<\/p>\n\n\n\n<p class=\"has-header-gradient-color has-text-color has-large-font-size\"><strong>1 samedi par mois de 10h \u00e0 12h, <\/strong><\/p>\n\n\n\n<p>un temps de chant et de pri\u00e8re, en pr\u00e9paration de la liturgie dominicale, <\/p>\n\n\n\n<p>suivi de la participation aux V\u00eapres, pour ceux qui le souhaitent.<\/p>\n\n\n\n<p class=\"has-header-gradient-color has-text-color has-medium-font-size\"><strong>1\u00e8re rencontre : le samedi  8 mars 202<\/strong>5<\/p>\n\n\n\n<p><\/p>\n\n\n\n<p class=\"has-text-align-right\"><strong>Contact : <a href=\"mailto:manhxuanoc@gmail.com\" data-type=\"mailto\" data-id=\"mailto:manhxuanoc@gmail.com\">Fr. Xuan<\/a><\/strong><\/p>\n\n\n\n<div class=\"wp-block-themeisle-blocks-advanced-columns has-1-columns has-desktop-equal-layout has-tablet-equal-layout has-mobile-equal-layout has-default-gap has-vertical-unset\" id=\"wp-block-themeisle-blocks-advanced-columns-4d251a84\"><div class=\"wp-block-themeisle-blocks-advanced-columns-overlay\"><\/div><div class=\"innerblocks-wrap\">\n\n<div class=\"wp-block-themeisle-blocks-advanced-column\" id=\"wp-block-themeisle-blocks-advanced-column-ff5e8ad5\"><\/div>\n\n<\/div><\/div>\n\n\n\n<figure class=\"wp-block-image size-large\"><img loading=\"lazy\" decoding=\"async\" width=\"1024\" height=\"559\" src=\"http:\/\/www.benedictinsetiolles.org\/wp-content\/uploads\/2021\/07\/chant-3-1024x559.jpg\" alt=\"\" class=\"wp-image-4016\" srcset=\"http:\/\/www.benedictinsetiolles.org\/wp-content\/uploads\/2021\/07\/chant-3-1024x559.jpg 1024w, http:\/\/www.benedictinsetiolles.org\/wp-content\/uploads\/2021\/07\/chant-3-300x164.jpg 300w, http:\/\/www.benedictinsetiolles.org\/wp-content\/uploads\/2021\/07\/chant-3-768x419.jpg 768w, http:\/\/www.benedictinsetiolles.org\/wp-content\/uploads\/2021\/07\/chant-3-1536x838.jpg 1536w, http:\/\/www.benedictinsetiolles.org\/wp-content\/uploads\/2021\/07\/chant-3-2048x1117.jpg 2048w\" sizes=\"auto, (max-width: 1024px) 100vw, 1024px\" \/><figcaption class=\"wp-element-caption\">Un moment de convivialit\u00e9 en fin d&rsquo;ann\u00e9e <\/figcaption><\/figure>\n\n\n\n<p><\/p>\n","protected":false},"excerpt":{"rendered":"<p>La louange \u00e0 Dieu est d&rsquo;abord un acte du corps et aussi du c\u0153ur. On chante Dieu avec tout son \u00eatre et en \u00c9glise avec des fr\u00e8res et s\u0153urs. C&rsquo;est le sens de cet appel \u00e0 l&rsquo;unit\u00e9 dans le corps du Christ. Fr\u00e8re Xuan nous propose : 1 samedi par [&hellip;]<\/p>\n","protected":false},"author":1,"featured_media":3998,"parent":0,"menu_order":0,"comment_status":"closed","ping_status":"closed","template":"","meta":{"footnotes":""},"class_list":["post-3995","page","type-page","status-publish","has-post-thumbnail","hentry"],"_links":{"self":[{"href":"http:\/\/www.benedictinsetiolles.org\/index.php\/wp-json\/wp\/v2\/pages\/3995","targetHints":{"allow":["GET"]}}],"collection":[{"href":"http:\/\/www.benedictinsetiolles.org\/index.php\/wp-json\/wp\/v2\/pages"}],"about":[{"href":"http:\/\/www.benedictinsetiolles.org\/index.php\/wp-json\/wp\/v2\/types\/page"}],"author":[{"embeddable":true,"href":"http:\/\/www.benedictinsetiolles.org\/index.php\/wp-json\/wp\/v2\/users\/1"}],"replies":[{"embeddable":true,"href":"http:\/\/www.benedictinsetiolles.org\/index.php\/wp-json\/wp\/v2\/comments?post=3995"}],"version-history":[{"count":19,"href":"http:\/\/www.benedictinsetiolles.org\/index.php\/wp-json\/wp\/v2\/pages\/3995\/revisions"}],"predecessor-version":[{"id":7320,"href":"http:\/\/www.benedictinsetiolles.org\/index.php\/wp-json\/wp\/v2\/pages\/3995\/revisions\/7320"}],"wp:featuredmedia":[{"embeddable":true,"href":"http:\/\/www.benedictinsetiolles.org\/index.php\/wp-json\/wp\/v2\/media\/3998"}],"wp:attachment":[{"href":"http:\/\/www.benedictinsetiolles.org\/index.php\/wp-json\/wp\/v2\/media?parent=3995"}],"curies":[{"name":"wp","href":"https:\/\/api.w.org\/{rel}","templated":true}]}}

<figure class="wp-block-image size-large is-resized is-style-rounded"><img loading="lazy" decoding="async" width="1024" height="772" src="http://www.benedictinsetiolles.org/wp-content/uploads/2021/07/chant-2-1024x772.jpg" alt="" class="wp-image-3996" style="width:525px;height:396px" srcset="http://www.benedictinsetiolles.org/wp-content/uploads/2021/07/chant-2-1024x772.jpg 1024w, http://www.benedictinsetiolles.org/wp-content/uploads/2021/07/chant-2-300x226.jpg 300w, http://www.benedictinsetiolles.org/wp-content/uploads/2021/07/chant-2-768x579.jpg 768w, http://www.benedictinsetiolles.org/wp-content/uploads/2021/07/chant-2-1536x1158.jpg 1536w, http://www.benedictinsetiolles.org/wp-content/uploads/2021/07/chant-2-2048x1545.jpg 2048w" sizes="auto, (max-width: 1024px) 100vw, 1024px" /></figure>



<p>La louange à Dieu est d&rsquo;abord un acte du corps et aussi du cœur.</p>



<p>On chante Dieu avec tout son être et en Église avec des frères et sœurs. </p>



<p>C&rsquo;est le sens de cet appel à l&rsquo;unité dans le corps du Christ.</p>



<p></p>



<figure class="wp-block-image size-full is-resized"><img loading="lazy" decoding="async" width="225" height="225" src="http://www.benedictinsetiolles.org/wp-content/uploads/2021/07/chanter.jpg" alt="" class="wp-image-4020" style="width:441px;height:441px" srcset="http://www.benedictinsetiolles.org/wp-content/uploads/2021/07/chanter.jpg 225w, http://www.benedictinsetiolles.org/wp-content/uploads/2021/07/chanter-150x150.jpg 150w" sizes="auto, (max-width: 225px) 100vw, 225px" /></figure>



<p></p>



<p>Frère Xuan nous propose :</p>



<p class="has-header-gradient-color has-text-color has-large-font-size"><strong>1 samedi par mois de 10h à 12h, </strong></p>



<p>un temps de chant et de prière, en préparation de la liturgie dominicale, </p>



<p>suivi de la participation aux Vêpres, pour ceux qui le souhaitent.</p>



<p class="has-header-gradient-color has-text-color has-medium-font-size"><strong>1ère rencontre : le samedi  8 mars 202</strong>5</p>



<p></p>



<p class="has-text-align-right"><strong>Contact : <a href="mailto:manhxuanoc@gmail.com" data-type="mailto" data-id="mailto:manhxuanoc@gmail.com">Fr. Xuan</a></strong></p>



<div class="wp-block-themeisle-blocks-advanced-columns has-1-columns has-desktop-equal-layout has-tablet-equal-layout has-mobile-equal-layout has-default-gap has-vertical-unset" id="wp-block-themeisle-blocks-advanced-columns-4d251a84"><div class="wp-block-themeisle-blocks-advanced-columns-overlay"></div><div class="innerblocks-wrap">

<div class="wp-block-themeisle-blocks-advanced-column" id="wp-block-themeisle-blocks-advanced-column-ff5e8ad5"></div>

</div></div>



<figure class="wp-block-image size-large"><img loading="lazy" decoding="async" width="1024" height="559" src="http://www.benedictinsetiolles.org/wp-content/uploads/2021/07/chant-3-1024x559.jpg" alt="" class="wp-image-4016" srcset="http://www.benedictinsetiolles.org/wp-content/uploads/2021/07/chant-3-1024x559.jpg 1024w, http://www.benedictinsetiolles.org/wp-content/uploads/2021/07/chant-3-300x164.jpg 300w, http://www.benedictinsetiolles.org/wp-content/uploads/2021/07/chant-3-768x419.jpg 768w, http://www.benedictinsetiolles.org/wp-content/uploads/2021/07/chant-3-1536x838.jpg 1536w, http://www.benedictinsetiolles.org/wp-content/uploads/2021/07/chant-3-2048x1117.jpg 2048w" sizes="auto, (max-width: 1024px) 100vw, 1024px" /><figcaption class="wp-element-caption">Un moment de convivialité en fin d&rsquo;année </figcaption></figure>



<p></p>

<p>La louange à Dieu est d&rsquo;abord un acte du corps et aussi du cœur. On chante Dieu avec tout son être et en Église avec des frères et sœurs. C&rsquo;est le sens de cet appel à l&rsquo;unité dans le corps du Christ. Frère Xuan nous propose : 1 samedi par [&hellip;]</p>
